test common factor of 3400 and 272.
136
Calculate the greatest common factor of 48 and 156.
12
What is the greatest common divisor of 265 and 20?
5
What is the greatest common factor of 17 and 1139?
17
Calculate the greatest common factor of 61 and 12505.
61
Calculate the greatest common factor of 7 and 1.
1
Calculate the highest common divisor of 133 and 35.
7
Calculate the greatest common factor of 325 and 5980.
65
What is the highest common divisor of 2 and 89?
1
What is the greatest common divisor of 357 and 147?
21
What is the highest common factor of 35 and 6?
1
What is the highest common factor of 990 and 770?
110
What is the highest common factor of 138 and 1794?
138
What is the greatest common divisor of 363 and 8184?
33
What is the highest common divisor of 14 and 434?
14
What is the greatest common factor of 494 and 95?
19
What is the highest common factor of 551 and 58?
29
What is the greatest common divisor of 32 and 32?
32
What is the greatest common divisor of 7755 and 110?
55
What is the greatest common factor of 15 and 4395?
15
Calculate the highest common factor of 4077 and 216.
27
Calculate the highest common factor of 1897 and 7.
7
What is the greatest common divisor of 19215 and 315?
315
What is the greatest common factor of 122 and 1403?
61
What is the greatest common divisor of 497 and 142?
71
Calculate the highest common divisor of 713 and 62.
31
Calculate the greatest common factor of 1751 and 68.
17
What is the highest common factor of 880 and 3344?
176
Calculate the greatest common factor of 1859 and 7943.
169
Calculate the highest common factor of 20 and 65.
5
Calculate the highest common factor of 273 and 195.
39
Calculate the greatest common factor of 5291 and 37.
37
Calculate the highest common factor of 9 and 36.
9
What is the greatest common divisor of 1208 and 32?
8
What is the greatest common divisor of 154 and 112?
14
What is the highest common factor of 2650 and 100?
50
What is the highest common factor of 51 and 255?
51
Calculate the highest common divisor of 55 and 1243.
11
What is the highest common divisor of 273 and 910?
91
What is the greatest common divisor of 68 and 1921?
17
Calculate the highest common factor of 747 and 2075.
83
Calculate the highest common divisor of 234 and 429.
39
Calculate the greatest common factor of 13422 and 6.
6
Calculate the highest common factor of 9 and 948.
3
Calculate the highest common divisor of 8 and 432.
8
Calculate the greatest common factor of 6 and 2634.
6
What is the highest common factor of 1250 and 70?
10
Calculate the highest common divisor of 676 and 78.
26
What is the highest common divisor of 96 and 2160?
48
Calculate the greatest common divisor of 2254 and 70.
14
What is the greatest common factor of 1057 and 49?
7
Calculate the highest common divisor of 455 and 140.
35
What is the highest common divisor of 132 and 1232?
44
Calculate the highest common factor of 34 and 6.
2
Calculate the highest common divisor of 143 and 22.
11
Calculate the highest common divisor of 80 and 440.
40
Calculate the highest common divisor of 2133 and 395.
79
Calculate the greatest common divisor of 620 and 93.
31
What is the highest common factor of 92 and 6739?
23
Calculate the greatest common factor of 2912 and 128.
32
Calculate the highest common divisor of 2 and 47.
1
What is the highest common divisor of 32 and 256?
32
Calculate the greatest common divisor of 16 and 800.
16
What is the highest common factor of 1135 and 15?
5
Calculate the greatest common factor of 14 and 448.
14
What is the greatest common factor of 15 and 615?
15
Calculate the greatest common divisor of 22 and 748.
22
What is the greatest common divisor of 14134 and 74?
74
Calculate the greatest common divisor of 482 and 3.
1
What is the highest common divisor of 80 and 1180?
20
What is the greatest common divisor of 464 and 58?
58
Calculate the highest common divisor of 536 and 402.
134
Calculate the greatest common divisor of 544 and 391.
17
What is the highest common factor of 4704 and 84?
84
What is the highest common divisor of 6526 and 26?
26
What is the greatest common divisor of 925 and 125?
25
What is the greatest common factor of 200 and 88?
8
Calculate the greatest common factor of 175 and 42.
7
What is the greatest common divisor of 5 and 1?
1
Calculate the highest common divisor of 795 and 15.
15
What is the highest common factor of 3139 and 730?
73
Calculate the highest common divisor of 152 and 120.
8
Calculate the greatest common divisor of 874 and 76.
38
What is the greatest common factor of 115 and 69?
23
What is the greatest common factor of 4104 and 198?
18
What is the greatest common factor of 320 and 30?
10
Calculate the greatest common divisor of 329 and 7.
7
What is the greatest common factor of 6 and 7914?
6
Calculate the highest common factor of 110 and 220.
110
What is the highest common factor of 584 and 64?
8
What is the greatest common divisor of 345 and 552?
69
What is the greatest common factor of 5 and 510?
5
What is the greatest common factor of 1177 and 214?
107
Calculate the greatest common divisor of 2905 and 315.
35
What is the greatest common divisor of 141 and 10763?
47
Calculate the highest common factor of 204 and 9.
3
Calculate the greatest common divisor of 126 and 2604.
42
Calculate the highest common divisor of 80 and 2830.
10
Calculate the greatest common factor of 13 and 31733.
13
Calculate the greatest common divisor of 306 and 162.
18
What is the greatest common divisor of 170 and 6035?
85
What is the highest common divisor of 60 and 4?
4
Calculate the greatest common factor of 34 and 1054.
34
What is the highest common factor of 1 and 2?
1
What is the highest common factor of 407 and 55?
11
What is the highest common factor of 29 and 9773?
29
Calculate the greatest common divisor of 1740 and 406.
58
What is the greatest common divisor of 2871 and 11?
11
Calculate the highest common factor of 325 and 3175.
25
Calculate the greatest common factor of 360 and 56.
8
What is the greatest common factor of 1364 and 132?
44
Calculate the greatest common factor of 656 and 368.
16
Calculate the highest common divisor of 195 and 39.
39
Calculate the highest common divisor of 57 and 513.
57
What is the greatest common divisor of 540 and 40?
20
What is the greatest common divisor of 1970 and 10?
10
Calculate the highest common divisor of 201 and 67.
67
Calculate the highest common factor of 148 and 999.
37
What is the highest common factor of 6 and 94?
2
Calculate the highest common divisor of 115 and 75.
5
Calculate the greatest common divisor of 45 and 8685.
45
What is the greatest common divisor of 15 and 915?
15
Calculate the highest common factor of 26 and 44.
2
Calculate the highest common divisor of 14118 and 78.
78
What is the greatest common divisor of 12 and 13?
1
Calculate the greatest common factor of 1474 and 154.
22
What is the highest common factor of 60 and 48?
12
Calculate the highest common factor of 234 and 28626.
78
Calculate the highest common divisor of 9 and 387.
9
Calculate the highest common divisor of 17 and 221.
17
Calculate the greatest common divisor of 135 and 1305.
45
What is the greatest common divisor of 1180 and 100?
20
Calculate the highest common factor of 1 and 1693.
1
What is the greatest common divisor of 1725 and 483?
69
What is the highest common divisor of 5 and 12?
1
What is the greatest common factor of 581 and 9379?
83
What is the highest common divisor of 5 and 5?
5
Calculate the highest common divisor of 1425 and 225.
75
Calculate the greatest common divisor of 22 and 341.
11
What is the greatest common factor of 2870 and 280?
70
What is the greatest common divisor of 235 and 15?
5
Calculate the greatest common divisor of 66 and 1056.
66
Calculate the greatest common factor of 30 and 4710.
30
Calculate the highest common divisor of 1068 and 9.
3
Calculate the highest common divisor of 814 and 1258.
74
Calculate the highest common divisor of 46 and 12.
2
What is the greatest common divisor of 4 and 961?
1
What is the highest common factor of 2033 and 133?
19
What is the greatest common divisor of 13 and 5993?
13
What is the greatest common factor of 82 and 14473?
41
Calculate the greatest common factor of 103 and 9